{"id":105,"date":"2025-10-01T19:06:01","date_gmt":"2025-10-01T19:06:01","guid":{"rendered":"https:\/\/tuunanluovatoimisto.com\/?page_id=105"},"modified":"2025-10-06T18:02:17","modified_gmt":"2025-10-06T18:02:17","slug":"graafinen-suunnittelu","status":"publish","type":"page","link":"https:\/\/tuunanluovatoimisto.com\/?page_id=105","title":{"rendered":"Graafinen suunnittelu"},"content":{"rendered":"\n<div class=\"wp-block-cover alignfull\" style=\"margin-top:0px;margin-bottom:0px;padding-top:var(--wp--preset--spacing--50);padding-right:var(--wp--preset--spacing--50);padding-bottom:var(--wp--preset--spacing--50);padding-left:var(--wp--preset--spacing--50);min-height:251px;aspect-ratio:unset;\"><span aria-hidden=\"true\" class=\"wp-block-cover__background has-theme-palette-4-background-color has-background-dim-100 has-background-dim\"><\/span><div class=\"wp-block-cover__inner-container is-layout-constrained wp-container-core-cover-is-layout-a5733e3d wp-block-cover-is-layout-constrained\">\n<h2 class=\"wp-block-heading has-text-align-center has-large-font-size\">Graafinen suunnittelu<\/h2>\n\n\n\n<h6 class=\"wp-block-heading has-text-align-center\">Uusien yritysilmeiden luominen on innostavaa! <br>Suunnittelen tarpeen mukaan logot, k\u00e4yntikortit ja esitteet.<br>Teen niin lehtien, ilmoitusten kuin esitteidenkin taitot tyylikk\u00e4\u00e4sti ja nopeasti.<\/h6>\n<\/div><\/div>\n\n\n\n<div class=\"wp-block-columns has-theme-palette-9-background-color has-background is-layout-flex wp-container-core-columns-is-layout-ccd40fa8 wp-block-columns-is-layout-flex\" style=\"border-radius:15px;margin-top:32px;margin-bottom:32px;padding-top:var(--wp--preset--spacing--40);padding-right:var(--wp--preset--spacing--40);padding-bottom:var(--wp--preset--spacing--40);padding-left:var(--wp--preset--spacing--40)\">\n<div class=\"wp-block-column is-vertically-aligned-top is-layout-flow wp-block-column-is-layout-flow\">\n<figure class=\"wp-block-image size-large\"><img loading=\"lazy\" decoding=\"async\" width=\"722\" height=\"1024\" src=\"https:\/\/tuunanluovatoimisto.com\/wp-content\/uploads\/2025\/10\/Digimentori_esite2-8-1-722x1024.jpg\" alt=\"\" class=\"wp-image-193\" srcset=\"https:\/\/tuunanluovatoimisto.com\/wp-content\/uploads\/2025\/10\/Digimentori_esite2-8-1-722x1024.jpg 722w, https:\/\/tuunanluovatoimisto.com\/wp-content\/uploads\/2025\/10\/Digimentori_esite2-8-1-212x300.jpg 212w, https:\/\/tuunanluovatoimisto.com\/wp-content\/uploads\/2025\/10\/Digimentori_esite2-8-1-768x1089.jpg 768w, https:\/\/tuunanluovatoimisto.com\/wp-content\/uploads\/2025\/10\/Digimentori_esite2-8-1.jpg 868w\" sizes=\"auto, (max-width: 722px) 100vw, 722px\" \/><\/figure>\n\n\n<div class=\"wp-block-image\">\n<figure class=\"aligncenter size-full is-resized\"><img loading=\"lazy\" decoding=\"async\" width=\"566\" height=\"800\" src=\"https:\/\/tuunanluovatoimisto.com\/wp-content\/uploads\/2025\/10\/yritysilme2.webp\" alt=\"\" class=\"wp-image-291\" style=\"width:283px;height:auto\" srcset=\"https:\/\/tuunanluovatoimisto.com\/wp-content\/uploads\/2025\/10\/yritysilme2.webp 566w, https:\/\/tuunanluovatoimisto.com\/wp-content\/uploads\/2025\/10\/yritysilme2-212x300.webp 212w\" sizes=\"auto, (max-width: 566px) 100vw, 566px\" \/><\/figure>\n<\/div>\n\n\n<figure class=\"wp-block-image size-full\"><img loading=\"lazy\" decoding=\"async\" width=\"566\" height=\"800\" src=\"https:\/\/tuunanluovatoimisto.com\/wp-content\/uploads\/2025\/10\/taitto6.webp\" alt=\"\" class=\"wp-image-293\" srcset=\"https:\/\/tuunanluovatoimisto.com\/wp-content\/uploads\/2025\/10\/taitto6.webp 566w, https:\/\/tuunanluovatoimisto.com\/wp-content\/uploads\/2025\/10\/taitto6-212x300.webp 212w\" sizes=\"auto, (max-width: 566px) 100vw, 566px\" \/><\/figure>\n\n\n\n<figure class=\"wp-block-gallery has-nested-images columns-default is-cropped wp-block-gallery-1 is-layout-flex wp-block-gallery-is-layout-flex\">\n<figure class=\"wp-block-image size-large\"><img loading=\"lazy\" decoding=\"async\" width=\"686\" height=\"1024\" data-id=\"189\" src=\"https:\/\/tuunanluovatoimisto.com\/wp-content\/uploads\/2025\/10\/naurava_kayntikortti_etu-1-686x1024.jpg\" alt=\"\" class=\"wp-image-189\" srcset=\"https:\/\/tuunanluovatoimisto.com\/wp-content\/uploads\/2025\/10\/naurava_kayntikortti_etu-1-686x1024.jpg 686w, https:\/\/tuunanluovatoimisto.com\/wp-content\/uploads\/2025\/10\/naurava_kayntikortti_etu-1-201x300.jpg 201w, https:\/\/tuunanluovatoimisto.com\/wp-content\/uploads\/2025\/10\/naurava_kayntikortti_etu-1.jpg 720w\" sizes=\"auto, (max-width: 686px) 100vw, 686px\" \/><\/figure>\n\n\n\n<figure class=\"wp-block-image size-large\"><img loading=\"lazy\" decoding=\"async\" width=\"686\" height=\"1024\" data-id=\"188\" src=\"https:\/\/tuunanluovatoimisto.com\/wp-content\/uploads\/2025\/10\/naurava_kayntikortti_taka-1-686x1024.jpg\" alt=\"\" class=\"wp-image-188\" srcset=\"https:\/\/tuunanluovatoimisto.com\/wp-content\/uploads\/2025\/10\/naurava_kayntikortti_taka-1-686x1024.jpg 686w, https:\/\/tuunanluovatoimisto.com\/wp-content\/uploads\/2025\/10\/naurava_kayntikortti_taka-1-201x300.jpg 201w, https:\/\/tuunanluovatoimisto.com\/wp-content\/uploads\/2025\/10\/naurava_kayntikortti_taka-1.jpg 720w\" sizes=\"auto, (max-width: 686px) 100vw, 686px\" \/><\/figure>\n<\/figure>\n\n\n<div class=\"wp-block-image\">\n<figure class=\"aligncenter size-large is-resized\"><img loading=\"lazy\" decoding=\"async\" width=\"928\" height=\"1024\" src=\"https:\/\/tuunanluovatoimisto.com\/wp-content\/uploads\/2025\/10\/naurava_logo_valkoinentausta-2-928x1024.png\" alt=\"\" class=\"wp-image-191\" style=\"width:201px;height:auto\" srcset=\"https:\/\/tuunanluovatoimisto.com\/wp-content\/uploads\/2025\/10\/naurava_logo_valkoinentausta-2-928x1024.png 928w, https:\/\/tuunanluovatoimisto.com\/wp-content\/uploads\/2025\/10\/naurava_logo_valkoinentausta-2-272x300.png 272w, https:\/\/tuunanluovatoimisto.com\/wp-content\/uploads\/2025\/10\/naurava_logo_valkoinentausta-2-768x847.png 768w, https:\/\/tuunanluovatoimisto.com\/wp-content\/uploads\/2025\/10\/naurava_logo_valkoinentausta-2.png 1166w\" sizes=\"auto, (max-width: 928px) 100vw, 928px\" \/><\/figure>\n<\/div><\/div>\n\n\n\n<div class=\"wp-block-column is-layout-flow wp-block-column-is-layout-flow\">\n<figure class=\"wp-block-image size-large\"><img loading=\"lazy\" decoding=\"async\" width=\"1024\" height=\"724\" src=\"https:\/\/tuunanluovatoimisto.com\/wp-content\/uploads\/2025\/10\/yritysilme1-0-1-1024x724.webp\" alt=\"\" class=\"wp-image-93\" srcset=\"https:\/\/tuunanluovatoimisto.com\/wp-content\/uploads\/2025\/10\/yritysilme1-0-1-1024x724.webp 1024w, https:\/\/tuunanluovatoimisto.com\/wp-content\/uploads\/2025\/10\/yritysilme1-0-1-300x212.webp 300w, https:\/\/tuunanluovatoimisto.com\/wp-content\/uploads\/2025\/10\/yritysilme1-0-1-768x543.webp 768w, https:\/\/tuunanluovatoimisto.com\/wp-content\/uploads\/2025\/10\/yritysilme1-0-1.webp 1100w\" sizes=\"auto, (max-width: 1024px) 100vw, 1024px\" \/><\/figure>\n\n\n<div class=\"wp-block-image\">\n<figure class=\"aligncenter size-full is-resized\"><img loading=\"lazy\" decoding=\"async\" width=\"448\" height=\"531\" src=\"https:\/\/tuunanluovatoimisto.com\/wp-content\/uploads\/2025\/10\/raskor-logo-1.jpg\" alt=\"\" class=\"wp-image-177\" style=\"width:134px;height:auto\" srcset=\"https:\/\/tuunanluovatoimisto.com\/wp-content\/uploads\/2025\/10\/raskor-logo-1.jpg 448w, https:\/\/tuunanluovatoimisto.com\/wp-content\/uploads\/2025\/10\/raskor-logo-1-253x300.jpg 253w\" sizes=\"auto, (max-width: 448px) 100vw, 448px\" \/><\/figure>\n<\/div>\n\n<div class=\"wp-block-image\">\n<figure class=\"aligncenter size-large is-resized\"><img loading=\"lazy\" decoding=\"async\" width=\"810\" height=\"1024\" src=\"https:\/\/tuunanluovatoimisto.com\/wp-content\/uploads\/2025\/10\/digimentori_osaajaprofiili-0-1-810x1024.webp\" alt=\"\" class=\"wp-image-195\" style=\"width:263px;height:auto\" srcset=\"https:\/\/tuunanluovatoimisto.com\/wp-content\/uploads\/2025\/10\/digimentori_osaajaprofiili-0-1-810x1024.webp 810w, https:\/\/tuunanluovatoimisto.com\/wp-content\/uploads\/2025\/10\/digimentori_osaajaprofiili-0-1-237x300.webp 237w, https:\/\/tuunanluovatoimisto.com\/wp-content\/uploads\/2025\/10\/digimentori_osaajaprofiili-0-1-768x971.webp 768w, https:\/\/tuunanluovatoimisto.com\/wp-content\/uploads\/2025\/10\/digimentori_osaajaprofiili-0-1.webp 838w\" sizes=\"auto, (max-width: 810px) 100vw, 810px\" \/><\/figure>\n<\/div>\n\n\n<figure class=\"wp-block-image size-full\"><img loading=\"lazy\" decoding=\"async\" width=\"566\" height=\"800\" src=\"https:\/\/tuunanluovatoimisto.com\/wp-content\/uploads\/2025\/10\/taitto2.webp\" alt=\"\" class=\"wp-image-298\" srcset=\"https:\/\/tuunanluovatoimisto.com\/wp-content\/uploads\/2025\/10\/taitto2.webp 566w, https:\/\/tuunanluovatoimisto.com\/wp-content\/uploads\/2025\/10\/taitto2-212x300.webp 212w\" sizes=\"auto, (max-width: 566px) 100vw, 566px\" \/><\/figure>\n\n\n\n<figure class=\"wp-block-image size-full\"><img loading=\"lazy\" decoding=\"async\" width=\"566\" height=\"800\" src=\"https:\/\/tuunanluovatoimisto.com\/wp-content\/uploads\/2025\/10\/taitto3.webp\" alt=\"\" class=\"wp-image-296\" srcset=\"https:\/\/tuunanluovatoimisto.com\/wp-content\/uploads\/2025\/10\/taitto3.webp 566w, https:\/\/tuunanluovatoimisto.com\/wp-content\/uploads\/2025\/10\/taitto3-212x300.webp 212w\" sizes=\"auto, (max-width: 566px) 100vw, 566px\" \/><\/figure>\n\n\n\n<figure class=\"wp-block-image size-large\"><img loading=\"lazy\" decoding=\"async\" width=\"1024\" height=\"577\" src=\"https:\/\/tuunanluovatoimisto.com\/wp-content\/uploads\/2025\/10\/sovellusopastus_factsheet-1024x577.webp\" alt=\"\" class=\"wp-image-297\" srcset=\"https:\/\/tuunanluovatoimisto.com\/wp-content\/uploads\/2025\/10\/sovellusopastus_factsheet-1024x577.webp 1024w, https:\/\/tuunanluovatoimisto.com\/wp-content\/uploads\/2025\/10\/sovellusopastus_factsheet-300x169.webp 300w, https:\/\/tuunanluovatoimisto.com\/wp-content\/uploads\/2025\/10\/sovellusopastus_factsheet-768x433.webp 768w, https:\/\/tuunanluovatoimisto.com\/wp-content\/uploads\/2025\/10\/sovellusopastus_factsheet.webp 1518w\" sizes=\"auto, (max-width: 1024px) 100vw, 1024px\" \/><\/figure>\n<\/div>\n\n\n\n<div class=\"wp-block-column is-layout-flow wp-block-column-is-layout-flow\" style=\"padding-bottom:var(--wp--preset--spacing--80)\">\n<figure class=\"wp-block-image size-full\"><img loading=\"lazy\" decoding=\"async\" width=\"383\" height=\"748\" src=\"https:\/\/tuunanluovatoimisto.com\/wp-content\/uploads\/2025\/10\/Screenshot-2025-10-04-142743-1.png\" alt=\"\" class=\"wp-image-185\" srcset=\"https:\/\/tuunanluovatoimisto.com\/wp-content\/uploads\/2025\/10\/Screenshot-2025-10-04-142743-1.png 383w, https:\/\/tuunanluovatoimisto.com\/wp-content\/uploads\/2025\/10\/Screenshot-2025-10-04-142743-1-154x300.png 154w\" sizes=\"auto, (max-width: 383px) 100vw, 383px\" \/><\/figure>\n\n\n\n<figure class=\"wp-block-image size-large\"><img loading=\"lazy\" decoding=\"async\" width=\"1024\" height=\"379\" src=\"https:\/\/tuunanluovatoimisto.com\/wp-content\/uploads\/2025\/10\/Arkipolku_logo_vaaka-6-1-1024x379.webp\" alt=\"\" class=\"wp-image-186\" srcset=\"https:\/\/tuunanluovatoimisto.com\/wp-content\/uploads\/2025\/10\/Arkipolku_logo_vaaka-6-1-1024x379.webp 1024w, https:\/\/tuunanluovatoimisto.com\/wp-content\/uploads\/2025\/10\/Arkipolku_logo_vaaka-6-1-300x111.webp 300w, https:\/\/tuunanluovatoimisto.com\/wp-content\/uploads\/2025\/10\/Arkipolku_logo_vaaka-6-1-768x284.webp 768w, https:\/\/tuunanluovatoimisto.com\/wp-content\/uploads\/2025\/10\/Arkipolku_logo_vaaka-6-1.webp 1504w\" sizes=\"auto, (max-width: 1024px) 100vw, 1024px\" \/><\/figure>\n\n\n\n<figure class=\"wp-block-image size-full\"><img loading=\"lazy\" decoding=\"async\" width=\"566\" height=\"800\" src=\"https:\/\/tuunanluovatoimisto.com\/wp-content\/uploads\/2025\/10\/taitto4.webp\" alt=\"\" class=\"wp-image-295\" srcset=\"https:\/\/tuunanluovatoimisto.com\/wp-content\/uploads\/2025\/10\/taitto4.webp 566w, https:\/\/tuunanluovatoimisto.com\/wp-content\/uploads\/2025\/10\/taitto4-212x300.webp 212w\" sizes=\"auto, (max-width: 566px) 100vw, 566px\" \/><\/figure>\n\n\n\n<figure class=\"wp-block-image size-full\"><img loading=\"lazy\" decoding=\"async\" width=\"708\" height=\"944\" src=\"https:\/\/tuunanluovatoimisto.com\/wp-content\/uploads\/2025\/10\/taitto11.webp\" alt=\"\" class=\"wp-image-290\" srcset=\"https:\/\/tuunanluovatoimisto.com\/wp-content\/uploads\/2025\/10\/taitto11.webp 708w, https:\/\/tuunanluovatoimisto.com\/wp-content\/uploads\/2025\/10\/taitto11-225x300.webp 225w\" sizes=\"auto, (max-width: 708px) 100vw, 708px\" \/><\/figure>\n<\/div>\n<\/div>\n\n\n\n<p><\/p>\n","protected":false},"excerpt":{"rendered":"","protected":false},"author":1,"featured_media":0,"parent":0,"menu_order":0,"comment_status":"closed","ping_status":"closed","template":"","meta":{"_kad_post_transparent":"","_kad_post_title":"","_kad_post_layout":"","_kad_post_sidebar_id":"","_kad_post_content_style":"","_kad_post_vertical_padding":"","_kad_post_feature":"","_kad_post_feature_position":"","_kad_post_header":false,"_kad_post_footer":false,"footnotes":""},"class_list":["post-105","page","type-page","status-publish","hentry"],"_links":{"self":[{"href":"https:\/\/tuunanluovatoimisto.com\/index.php?rest_route=\/wp\/v2\/pages\/105","targetHints":{"allow":["GET"]}}],"collection":[{"href":"https:\/\/tuunanluovatoimisto.com\/index.php?rest_route=\/wp\/v2\/pages"}],"about":[{"href":"https:\/\/tuunanluovatoimisto.com\/index.php?rest_route=\/wp\/v2\/types\/page"}],"author":[{"embeddable":true,"href":"https:\/\/tuunanluovatoimisto.com\/index.php?rest_route=\/wp\/v2\/users\/1"}],"replies":[{"embeddable":true,"href":"https:\/\/tuunanluovatoimisto.com\/index.php?rest_route=%2Fwp%2Fv2%2Fcomments&post=105"}],"version-history":[{"count":32,"href":"https:\/\/tuunanluovatoimisto.com\/index.php?rest_route=\/wp\/v2\/pages\/105\/revisions"}],"predecessor-version":[{"id":705,"href":"https:\/\/tuunanluovatoimisto.com\/index.php?rest_route=\/wp\/v2\/pages\/105\/revisions\/705"}],"wp:attachment":[{"href":"https:\/\/tuunanluovatoimisto.com\/index.php?rest_route=%2Fwp%2Fv2%2Fmedia&parent=105"}],"curies":[{"name":"wp","href":"https:\/\/api.w.org\/{rel}","templated":true}]}}