{"id":14,"date":"2025-10-01T18:03:12","date_gmt":"2025-10-01T18:03:12","guid":{"rendered":"https:\/\/tuunanluovatoimisto.com\/?page_id=14"},"modified":"2025-10-06T18:09:46","modified_gmt":"2025-10-06T18:09:46","slug":"tietoa-minusta","status":"publish","type":"page","link":"https:\/\/tuunanluovatoimisto.com\/?page_id=14","title":{"rendered":"Tietoa minusta"},"content":{"rendered":"\n<div class=\"wp-block-media-text is-stacked-on-mobile is-vertically-aligned-top\" style=\"margin-top:0;margin-bottom:0;padding-top:var(--wp--preset--spacing--30);padding-bottom:var(--wp--preset--spacing--80);grid-template-columns:48% auto\"><figure class=\"wp-block-media-text__media\"><img loading=\"lazy\" decoding=\"async\" width=\"1024\" height=\"804\" src=\"https:\/\/tuunanluovatoimisto.com\/wp-content\/uploads\/2025\/10\/tuuna-1024x804.jpg\" alt=\"\" class=\"wp-image-201 size-full\" srcset=\"https:\/\/tuunanluovatoimisto.com\/wp-content\/uploads\/2025\/10\/tuuna-1024x804.jpg 1024w, https:\/\/tuunanluovatoimisto.com\/wp-content\/uploads\/2025\/10\/tuuna-300x236.jpg 300w, https:\/\/tuunanluovatoimisto.com\/wp-content\/uploads\/2025\/10\/tuuna-768x603.jpg 768w, https:\/\/tuunanluovatoimisto.com\/wp-content\/uploads\/2025\/10\/tuuna.jpg 1440w\" sizes=\"auto, (max-width: 1024px) 100vw, 1024px\" \/><\/figure><div class=\"wp-block-media-text__content\">\n<h2 class=\"wp-block-heading has-text-align-left has-theme-palette-9-color has-text-color has-link-color has-large-font-size wp-elements-9c960dc7c9a5f5f481c97249b6fc16b7\" style=\"border-style:none;border-width:0px;margin-top:3.6rem;margin-right:0;margin-bottom:var(--wp--preset--spacing--50);margin-left:0rem\">Hei, olen Tuuna.<\/h2>\n\n\n\n<h6 class=\"wp-block-heading has-theme-palette-9-color has-text-color has-link-color wp-elements-cff953130449642550827a82b82ed88c\" style=\"margin-top:var(--wp--preset--spacing--30);margin-bottom:var(--wp--preset--spacing--30)\">Olen graafisen suunnittelun kuva-artesaani. Ty\u00f6skentelen kevytyritt\u00e4j\u00e4n\u00e4 taiteen, kuvituksen ja graafisen suunnittelun parissa.<br><br>Olen visuaalinen moniosaaja. Osaamiseni keski\u00f6ss\u00e4 ovat tiedon muotoilu, digitaaliset ty\u00f6kalut, viestint\u00e4 ja asiakasl\u00e4ht\u00f6isyys<br><br>Olen idearikas ja reipas tekij\u00e4 ja yhdess\u00e4 p\u00e4\u00e4semme varmasti tavoitteeseen &#8211; oli sitten kyse uudesta yritysilmeest\u00e4, taittoty\u00f6st\u00e4, kuvituksesta tai vaikkapa tilausty\u00f6n\u00e4 toteutetusta maalauksesta!<\/h6>\n<\/div><\/div>\n","protected":false},"excerpt":{"rendered":"<p>Hei, olen Tuuna. Olen graafisen suunnittelun kuva-artesaani. Ty\u00f6skentelen kevytyritt\u00e4j\u00e4n\u00e4 taiteen, kuvituksen ja graafisen suunnittelun parissa. Olen visuaalinen moniosaaja. Osaamiseni keski\u00f6ss\u00e4 ovat tiedon muotoilu, digitaaliset ty\u00f6kalut, viestint\u00e4 ja asiakasl\u00e4ht\u00f6isyys Olen idearikas ja reipas tekij\u00e4 ja yhdess\u00e4 p\u00e4\u00e4semme varmasti tavoitteeseen &#8211; oli sitten kyse uudesta yritysilmeest\u00e4, taittoty\u00f6st\u00e4, kuvituksesta tai vaikkapa tilausty\u00f6n\u00e4 toteutetusta maalauksesta!<\/p>\n","protected":false},"author":1,"featured_media":0,"parent":0,"menu_order":0,"comment_status":"closed","ping_status":"closed","template":"","meta":{"_kad_post_transparent":"","_kad_post_title":"","_kad_post_layout":"","_kad_post_sidebar_id":"","_kad_post_content_style":"","_kad_post_vertical_padding":"","_kad_post_feature":"","_kad_post_feature_position":"","_kad_post_header":false,"_kad_post_footer":false,"footnotes":""},"class_list":["post-14","page","type-page","status-publish","hentry"],"_links":{"self":[{"href":"https:\/\/tuunanluovatoimisto.com\/index.php?rest_route=\/wp\/v2\/pages\/14","targetHints":{"allow":["GET"]}}],"collection":[{"href":"https:\/\/tuunanluovatoimisto.com\/index.php?rest_route=\/wp\/v2\/pages"}],"about":[{"href":"https:\/\/tuunanluovatoimisto.com\/index.php?rest_route=\/wp\/v2\/types\/page"}],"author":[{"embeddable":true,"href":"https:\/\/tuunanluovatoimisto.com\/index.php?rest_route=\/wp\/v2\/users\/1"}],"replies":[{"embeddable":true,"href":"https:\/\/tuunanluovatoimisto.com\/index.php?rest_route=%2Fwp%2Fv2%2Fcomments&post=14"}],"version-history":[{"count":44,"href":"https:\/\/tuunanluovatoimisto.com\/index.php?rest_route=\/wp\/v2\/pages\/14\/revisions"}],"predecessor-version":[{"id":716,"href":"https:\/\/tuunanluovatoimisto.com\/index.php?rest_route=\/wp\/v2\/pages\/14\/revisions\/716"}],"wp:attachment":[{"href":"https:\/\/tuunanluovatoimisto.com\/index.php?rest_route=%2Fwp%2Fv2%2Fmedia&parent=14"}],"curies":[{"name":"wp","href":"https:\/\/api.w.org\/{rel}","templated":true}]}}